.
205
What is the greatest common factor of 185552 and 1920?
16
What is the greatest common factor of 281768 and 3152?
8
What is the highest common factor of 38271709 and 119?
119
What is the greatest common factor of 543527 and 597843?
367
Calculate the greatest common factor of 190 and 295531206.
38
What is the highest common divisor of 133468672 and 174?
58
Calculate the greatest common factor of 143 and 79983189.
143
Calculate the greatest common divisor of 14761858 and 1031.
1031
Calculate the greatest common factor of 247365150 and 150.
150
Calculate the highest common factor of 232251751 and 991.
991
Calculate the highest common divisor of 972 and 1752759.
243
Calculate the greatest common factor of 16458 and 2509194909.
8229
Calculate the greatest common divisor of 1439613 and 96482.
2539
Calculate the greatest common factor of 19059714 and 3953.
59
What is the highest common factor of 1175 and 885010?
235
Calculate the greatest common divisor of 81 and 202317831.
81
What is the highest common factor of 86 and 22234?
2
Calculate the greatest common factor of 7 and 82895253.
7
Calculate the highest common divisor of 163 and 214580372.
163
Calculate the greatest common factor of 123 and 1836195.
3
What is the highest common factor of 252 and 335472?
12
Calculate the greatest common factor of 27672 and 35004.
12
What is the highest common divisor of 3319124 and 42316?
596
What is the greatest common factor of 65104 and 11593520?
5008
What is the highest common factor of 22146942 and 666?
222
Calculate the highest common divisor of 372562 and 5041550.
3418
What is the greatest common divisor of 63853 and 2756?
1
What is the greatest common factor of 2541464 and 23326?
214
Calculate the greatest common factor of 5565951 and 18.
9
Calculate the highest common factor of 1023 and 17976807.
93
What is the highest common divisor of 6885267 and 58?
29
Calculate the highest common factor of 68 and 72316844.
68
Calculate the greatest common factor of 6912 and 44614656.
2304
Calculate the highest common factor of 384969353 and 8371.
761
What is the greatest common factor of 79 and 112382477?
79
What is the greatest common divisor of 50904274 and 92286?
3418
What is the highest common factor of 839403 and 21027?
129
What is the greatest common factor of 1090298129 and 6623?
6623
What is the highest common factor of 3300 and 167292?
12
What is the highest common factor of 300679 and 41526?
769
What is the highest common factor of 31188817 and 481?
37
Calculate the greatest common divisor of 883124 and 68552.
44
Calculate the highest common divisor of 17883 and 19047382.
1987
What is the greatest common factor of 3171 and 1983989?
1057
What is the greatest common factor of 81545 and 1771435?
1735
What is the highest common divisor of 29751 and 50851?
211
What is the greatest common factor of 52 and 2679417?
13
What is the greatest common divisor of 43246 and 7364?
14
What is the highest common factor of 13851 and 206307?
729
Calculate the highest common factor of 4734 and 1496996.
526
What is the greatest common divisor of 45787 and 430311?
217
Calculate the greatest common factor of 1110 and 17675085.
555
What is the greatest common divisor of 24662969 and 23?
23
Calculate the greatest common divisor of 35841 and 29243499.
2757
What is the greatest common factor of 58372951 and 73521?
2723
What is the highest common divisor of 9 and 243922?
1
Calculate the highest common factor of 50 and 25985360.
10
Calculate the greatest common factor of 28280 and 2414304.
808
Calculate the greatest common factor of 26386 and 794252.
334
Calculate the greatest common divisor of 32 and 313912.
8
Calculate the greatest common factor of 226420 and 6880.
20
What is the greatest common divisor of 187663 and 205751?
2261
What is the highest common divisor of 11772580 and 20540?
1580
What is the greatest common divisor of 20 and 941021670?
10
What is the greatest common factor of 122843400 and 795?
795
What is the greatest common factor of 4266888 and 1128?
24
What is the greatest common divisor of 451779 and 615?
123
Calculate the highest common factor of 4373 and 1379.
1
What is the highest common divisor of 973 and 3363143?
7
What is the greatest common factor of 14121492 and 1700?
68
Calculate the greatest common factor of 8002308 and 102.
102
What is the greatest common divisor of 60 and 3822540?
60
What is the greatest common factor of 1209248 and 1564?
92
What is the greatest common factor of 93 and 292114302?
93
Calculate the highest common divisor of 4599765 and 32895.
45
What is the greatest common divisor of 60192396 and 352?
44
What is the highest common factor of 438331 and 34112?
41
What is the greatest common divisor of 5848 and 650641?
17
Calculate the highest common divisor of 801 and 164206513.
89
What is the highest common divisor of 68558 and 98?
14
Calculate the highest common factor of 49 and 8354941.
49
Calculate the greatest common divisor of 308745 and 86437165.
11435
What is the greatest common factor of 645 and 5944363?
43
What is the highest common factor of 309571150 and 10?
10
Calculate the highest common divisor of 22394412 and 654.
6
What is the greatest common divisor of 66583584 and 8?
8
Calculate the highest common factor of 1867672 and 32342.
314
Calculate the greatest common factor of 2204 and 1292496128.
2204
Calculate the highest common divisor of 144 and 1580304.
48
What is the highest common divisor of 3516 and 117912?
12
Calculate the greatest common divisor of 2199720 and 36110.
230
Calculate the highest common divisor of 32373 and 5064249.
327
Calculate the highest common factor of 4282773 and 105083.
2563
What is the greatest common divisor of 419505 and 585?
15
Calculate the highest common divisor of 137536 and 1952.
32
Calculate the highest common factor of 73432 and 111220.
268
Calculate the highest common divisor of 69758111 and 89.
89
Calculate the highest common divisor of 8745 and 408045.
165
Calculate the greatest common divisor of 6997488 and 8.
8
Calculate the greatest common divisor of 18561 and 944997.
807
What is the greatest common factor of 9357700 and 11374?
1034
What is the greatest common divisor of 196101 and 229995?
2421
What is the highest common divisor of 31323 and 31357278?
591
What is the highest common divisor of 249492 and 109378?
34
What is the highest common factor of 29546 and 151759?
1343
What is the highest common divisor of 496797 and 5691?
21
Calculate the highest common factor of 11991 and 13943249.
571
Calculate the highest common factor of 380646 and 2774.
38
What is the highest common divisor of 1081177 and 22163?
37
What is the highest common factor of 40 and 524605800?
40
What is the highest common factor of 198 and 550548?
18
What is the greatest common factor of 7045485 and 15?
15
What is the highest common factor of 7760795 and 70?
35
Calculate the greatest common divisor of 969032661 and 1083.
1083
Calculate the greatest common divisor of 7432229 and 358679.
1429
Calculate the greatest common factor of 2816 and 103776.
32
What is the highest common factor of 132770 and 27584778?
2414
What is the greatest common factor of 809 and 1288205487?
809
Calculate the greatest common factor of 5181805 and 331.
331
Calculate the greatest common factor of 1321330 and 587386.
1154
What is the highest common divisor of 16 and 366819604?
4
Calculate the highest common factor of 11613 and 3260883.
237
Calculate the greatest common divisor of 6 and 8329.
1
Calculate the highest common divisor of 73634 and 803.
11
Calculate the highest common divisor of 1 and 55614433.
1
What is the highest common factor of 400 and 12281675?
25
Calculate the highest common factor of 779984 and 2204.
116
Calculate the highest common divisor of 2855 and 1098604.
571
What is the greatest common factor of 573 and 2634272?
191
What is the greatest common divisor of 3980 and 430389240?
3980
Calculate the highest common divisor of 984 and 483554.
82
Calculate the greatest common divisor of 5456136 and 798.
42
Calculate the highest common divisor of 623868 and 4200.
84
Calculate the highest common factor of 50675 and 37442744.
2027
Calculate the greatest common factor of 23040371 and 488.
61
What is the highest common fact